site?
False
Let f be ((-8)/6)/((-4)/210). Suppose -393 = 6*b - 9*b. Suppose 5*o - b = -3*t, o + f = 2*t - 0*t. Is t a prime number?
True
Let i be ((-1)/(-3))/((-2)/(-18)). Let c(p) = 54*p**3 + 3*p + 2. Let f be c(i). Suppose -f = -5*m - 454. Is m composite?
True
Suppose -656 = 2*a - 6*a. Suppose -4*d = 3*i - 2632, 2*d - 4*i = 1458 - a. Suppose 0 = -4*s - s + d. Is s a prime number?
True
Let v(l) = 3*l**2 + 12*l + 4. Let p = -6 + 6. Let j(z) = z**2 + z - 11. Let m be j(p). Is v(m) a composite number?
True
Suppose 383 = 2*l - 3*y, -2*l = -2*y + 3*y - 387. Suppose 3*m + 182 + 25 = 3*i, 0 = 3*i + 4*m - l. Is i a prime number?
True
Let u be (1 - 3)/(1/3). Let b(z) = -z - 3. Is b(u) composite?
False
Suppose 0 = 2*y + 2*m - 3 + 1, 2*m + 4 = 4*y. Let i = y + 1. Suppose 4*u = 3*f - 50, i*u + 9 = f - 5. Is f a composite number?
True
Suppose 6*n = 4*n + 14. Suppose -211 = -n*s + 6*s. Is s a composite number?
False
Let t be 1 + (0 - 1 - 802). Is t/(-14) + (-4)/14 prime?
False
Suppose 4 = -4*o - 0. Let k(u) = 186*u**2 + 2*u + 1. Is k(o) a composite number?
True
Let b = 271 + -173. Suppose 0 = t, -p + b = p + 2*t. Is p a prime number?
False
Let y(q) = -q**3 + 5*q**2 + 2. Let d be y(5). Let k(l) be the first derivative of 4*l**3/3 + 3*l**2/2 - l + 5. Is k(d) a prime number?
False
Let d(n) = 15*n**3 + n - 1. Let o be d(1). Is 1 + 5/(o/234) composite?
False
Let j(f) = 3*f**2 - 5. Let k be j(5). Let i be (-36)/(-14)*k/15. Suppose -2*a + 5*q = 3*a - 590, -i = 4*q. Is a a prime number?
False
Suppose -2*t = 2*t + 5*v - 52, 0 = -5*t - 5*v + 60. Suppose t = 3*r + 23. Is 12 + r + 2 + 1 prime?
False
Let r = -15 - -13. Let f(a) = 5*a**2 + 2*a. Let m(i) = -15*i**2 - 6*i - 1. Let w(q) = -8*f(q) - 3*m(q). Is w(r) composite?
False
Let h(p) = -p**3 + 11*p**2 - 4*p - 9. Is h(7) a composite number?
True
Let a = -85 - -293. Suppose 67 = -3*z + a. Is z a composite number?
False
Suppose -2*s = 5*z - 25, 3*s + 20 = -2*s + 4*z. Suppose s = j - 13. Is j composite?
False
Suppose 0*g = g - 571. Is g composite?
False
Let w(l) = 3*l**2 - 2*l + 1. Is w(6) composite?
False
Let a = 237 + -94. Is a a prime number?
False
Suppose -9 = -3*l - 0. Suppose -l*o + 122 = -40. Suppose -3*c = -105 - o. Is c a composite number?
False
Let g be (-9)/(-1 - 2)*-1. Is g + 13 + -2 - 1 prime?
True
Let c = 139 - -271. Let j = c + -128. Let x = j - 79. Is x a composite number?
True
Is (0 + 1)/(2/(-1))*-3086 prime?
True
Let a be -87*(0 + 6/(-2)). Let j = -148 + a. Is j a prime number?
True
Let h = 144 + 59. Is h prime?
False
Suppose q = 7 - 5. Suppose 44 = 4*l + 2*w, -22 = -q*l - 0*w + w. Is l a prime number?
True
Let d = 147 + -71. Suppose 2*i - d = -2*t, 4*i + i = -3*t + 184. Is i prime?
False
Let i(b) = -b**3 - 10*b**2 - 12*b + 8. Let y be i(-9). Suppose -2*p + y = -3. Is p a prime number?
True
Suppose 0 = -3*s + 1011 + 198. Is s prime?
False
Let m be 24/(-32)*(57 - 1). Is 7/m + 422/12 composite?
True
Let k = 10 - 6. Suppose 8 = -4*t, -2*d + k*t = 7*t - 110. Is d prime?
False
Suppose 36 = -4*j + j. Let w be (-152)/j + 2/(-3). Suppose 4*f + 2*u = w, 4*f + 6 = 5*u + 18. Is f a prime number?
True
Suppose -3*x - 426 = -3*l, 3*l + 3*x - 427 = 7*x. Is l prime?
False
Let z be 5/(1/2*-1). Is ((-5)/(z/(-36)))/(-2) a prime number?
False
Let z(h) = -7*h**2 + 23*h - 11. Let x(k) = -4*k**2 + 12*k - 6. Let n be (-1)/(1 + 12/(-15)). Let d(l) = n*x(l) + 3*z(l). Is d(6) a prime number?
False
Suppose 119 - 815 = -2*m. Suppose -o = o - m. Suppose 5*v - 2*v = o. Is v a composite number?
True
Let c(b) = 4*b - 3. Let k be c(8). Let s(w) = w**2 - 3*w - 7. Let a be s(-6). Suppose -k = -4*o + a. Is o composite?
False
Let r = -65 - -59. Let t = 10 + -14. Is (-890)/r + t/(-6) a prime number?
True
Let j(i) = -i - 7. Let z be j(-6). Let b(c) = 85*c**2. Is b(z) composite?
True
Let v(n) = -n**2 - 2*n - 2. Let p be v(-2). Suppose -4*s - 12 = 0, -4*d - 6*s + s = -117. Is d*7 + (0 - p) a composite number?
False
Let y(q) = q - 2. Let z(m) = 2*m**2 - 4*m - 4. Let x be z(4). Is y(x) prime?
False
Suppose 4373 = 5*r + 4*t, -2005 - 641 = -3*r + 5*t. Is r a composite number?
False
Suppose 3*b - 3*d - 315 = 0, 5*b = -d - 3*d + 570. Suppose b = 3*z - 2*j + 27, z = 5*j + 6. Is z a prime number?
True
Let x(r) = 3 - r - 5*r + 3*r. Let g be x(5). Let i = -8 - g. Is i composite?
True
Let i(s) = 9*s**2 + 3*s - 1. Is i(4) composite?
True
Suppose -4*u - d + 5*d = -28, 0 = -3*d - 12. Suppose u*v - 5 = -2*v. Let f(c) = 19*c**3. Is f(v) prime?
True
Let c = -4 - -63. Is c composite?
False
Suppose 4*a = -0*a + 528. Suppose z - 3*z + 530 = 0. Suppose 5 = -q, -4*u = -5*q - z - a. Is u composite?
True
Is 1*307*(-7 + 11)/4 a prime number?
True
Let o(s) = 27*s**3 - s**2 + 2*s - 1. Let h be o(1). Let q(g) = h*g - 3 + 4 + 23*g. Is q(1) a composite number?
True
Let y(i) = -i - 5. Let w be y(-7). Suppose 362 = 3*v + 2*q + 33, 4*v = w*q + 462. Is v prime?
True
Suppose -3 = i + 1. Let f = 0 - i. Suppose -f*p + 76 = -0. Is p prime?
True
Let t = -2413 + 3684. Is t a prime number?
False
Let b = -10 - -12. Suppose q - b*q = -39. Suppose z + 2*z = q. Is z composite?
False
Let l(y) be the first derivative of 4 - 5*y**2 + 0*y**2 - 2 - 7*y. Is l(-6) a composite number?
False
Let m(w) = -w**3 + 6*w**2 - 2*w + 8. Let p be m(6). Let d = p - -16. Is (d/(-18))/(2/(-399)) prime?
False
Let p = -623 - -1042. Is p a composite number?
False
Let o be -1 - (1 - (-3652)/(-4)). Suppose -6*n = -3*n - 3*h - 2751, n - 4*h - o = 0. Is n a prime number?
True
Let s(x) = -x**3 - x**2 + x + 1. Let u be s(-2). Suppose -i - 2*m - m + 22 = 0, u*m + 92 = 5*i. Is i a prime number?
True
Let g(k) = k + 2. Let s be g(2). Suppose -s*i = -142 - 78. Is i composite?
True
Let a = -12745 - -18156. Is a a prime number?
False
Suppose 0 = -15*r + 14*r + 1439. Is r a composite number?
False
Suppose x - 10 = -o, 2*x + 3 = x. Is o prime?
True
Let v(z) = -3*z - 8. Let d be v(6). Let g be (-2*1)/(4/d). Let k = 22 - g. Is k a composite number?
True
Suppose 0 = -2*a + 3*o + 463 + 162, -4*a - 3*o = -1241. Suppose -2*v + a = 5*u, 4*v + 0*v - 552 = 4*u. Is v prime?
False
Let l(p) = 4*p**2 + 7*p + 2. Let s be l(-10). Let t be (-2)/4*(-2 - s). Let c = t + -112. Is c prime?
False
Let g be (3 + -3)*1/2. Suppose g = c + 2, -615 - 1727 = -4*l - 3*c. Is l a prime number?
True
Suppose 4*w - 2*w = 5*m + 161, 419 = 5*w + 4*m. Is w a prime number?
True
Let r(f) = 6*f**2 - 4*f + 3. Suppose 0 = -g - 2 + 5. Let j be r(g). Suppose 5*o - 2*t - 122 = j, 109 = 3*o + t. Is o composite?
True
Is 0 - 4/8*-466 a prime number?
True
Let g = 1129 - -556. Is g prime?
False
Let o(n) be the second derivative of -n**4/12 + 10*n**3/3 - 9*n**2 + 5*n. Is o(15) composite?
True
Let r(c) = -c - 5. Let z be r(-4). Let m = -6 - z. Let k = 16 + m. Is k a composite number?
False
Let o(r) = 14*r - 2. Let d be (-3)/(-2*(-9)/(-30)). Let y = -3 + d. Is o(y) a prime number?
False
Let v(s) = s**3 + 6*s**2 + s + 8. Let f be v(-6). Let a = f - -7. Is a a prime number?
False
Let r(j) = -61*j - 20. Is r(-7) prime?
False
Let p(a) = -a**3 + a**2 - a. Let l be p(-5). Suppose 2*s - 87 - l = 0. Is s a composite number?
True
Let j = -5 - -7. Suppose 0 = 3*w + j*z - 159, 0*w + 4*z = -4*w + 216. Is w composite?
True
Let h = -6 - -3. Let z = h + 1. Is z*1/(-4)*134 a composite number?
False
Let k(g) = 27*g + 3. Let h be k(3). Suppose -f - h = 2*f. Let q = -15 - f. Is q a prime number?
True
Suppose c - 33 = -3*k - 1, 2*k - 12 = -3*c. Let b(j) = j**2 - 10*j - 4. Let u be b(k). Let a = 55 - u. Is a prime?
False
Let h be (-2)/(1*(-4)/8). Suppose -3*g + h*r + 0*r = -1455, 0 = -4*r. Is g a prime number?
False
Is (-8)/(-6)*14865/20 composite?
False
Let o = 243 - 110. Let h = o + -14. Is h a composite number?
True
Let j(q) = -19*q**3 - 2*q**2 - 3*q - 3. Is j(-3) a composite number?
True
Let q(h) = 314*h**2 + 1. Let b be q(-1). Suppose -5*l = -5*t - b, -2*l - 3*l + 329 = 2*t. Is l prime?
False
Let b(l) be the first derivative of 17*l**3/3 + 5*l**2/2 + 3*l - 2. Is b(4) a prime number?
False
Suppose 0 = 4*n - 4 - 12. Let q(u) = 5*u - 7. Let l be q(7). Suppose -4*k = 2*a - k - 14, 4*k + l = n*a. Is a a prime number?
True
Let b = 2702 - 1237. Is b a prime number?
False
Let r(z) = 134*z + 7. Is r(5) composite?
False
Let a be 2 + -2*-675*1. Let w = a + -721. Is w prime?
True
Let a(n) = -n**3 - 3*n